h(-6).
14
Let u(p) = 3*p - 17. Determine u(4).
-5
Let m(r) = 2*r**3 - 2*r**2 - 6*r + 3. Determine m(5).
173
Let v(h) = h**3 - 15*h**2 + 30*h - 31. What is v(13)?
21
Let z(p) = -40*p**3 - 2*p**2 + p. What is z(1)?
-41
Let p(y) = -4*y - 30. Calculate p(-6).
-6
Let p(d) = d**2 - 17*d - 222. Give p(26).
12
Let b(o) = o**3 + 18*o**2 + 3*o + 35. Give b(-18).
-19
Let g(q) = -q**3 - 17*q**2 - 9*q + 82. Determine g(-16).
-30
Let w(g) = g**3 + 5*g**2 - 12. Determine w(-5).
-12
Let p(x) = -4*x**2 - 4*x - 7. Determine p(-5).
-87
Let f(a) = 6*a - 19. Determine f(9).
35
Let z(f) = -2*f**2 - 18*f - 3. Determine z(-8).
13
Let r(g) = -2*g**2 + 7*g - 9. Determine r(3).
-6
Let x(z) = z**3 - 29*z**2 + 29*z - 25. Calculate x(28).
3
Let x(p) = -p**2 - 18*p + 11. Determine x(-17).
28
Let l(y) = 10*y - 44. Determine l(6).
16
Let b(a) = a - 26. Give b(19).
-7
Let k(c) = -6*c**3 + 2*c**2 + 3*c + 2. Give k(-1).
7
Let q(t) = -8*t - 56. Calculate q(-7).
0
Let z(g) = g**2 + 26*g + 48. Calculate z(-24).
0
Let l(o) = -3*o**2 - o + 13. Determine l(6).
-101
Let q(d) = -d**3 + 9*d**2 - 7*d - 10. Give q(8).
-2
Let t(o) = o**2 - 13*o - 35. Give t(14).
-21
Let p(f) = 19*f - 5. Give p(-3).
-62
Let l(i) = -i**2 - 16*i + 114. What is l(5)?
9
Let g(n) = -n**2 + 9*n + 29. What is g(12)?
-7
Let m(l) = -2*l**2 - 54*l + 16. Calculate m(-27).
16
Let j(y) = -3*y**2 - 5*y + 5. Calculate j(-4).
-23
Let z(x) = x**2 - 14*x - 17. Calculate z(12).
-41
Let h(y) = y**3 - 48*y**2 + 48*y - 51. Give h(47).
-4
Let t(h) = -3*h**2 - 3*h + 3. Give t(-3).
-15
Let w(k) = -k**3 - 15*k**2 + 18*k - 6. Determine w(-16).
-38
Let v(w) = -w**2 - 2*w + 1. Give v(2).
-7
Let o(u) = u**3 + 8*u**2 - u - 7. Calculate o(-7).
49
Let t(n) = -7*n - 8. What is t(-1)?
-1
Let x(f) = f**2 - 10*f - 16. Determine x(11).
-5
Let y(k) = -55*k + 1975. What is y(36)?
-5
Let d(t) = -t**2 - 8*t - 4. Determine d(-7).
3
Let v(r) = r**3 - 14*r**2 - 14*r - 2. Give v(15).
13
Let b(d) = 2*d**2 + 5*d + 2. Give b(-3).
5
Let c(i) = -i**3 - 4*i**2 + 10*i + 3. What is c(-6)?
15
Let f(l) = -3*l - 10. Determine f(0).
-10
Let h(r) = 4*r**2 + 22*r - 5. What is h(-6)?
7
Let g(v) = -5*v**3 + v**2 + v + 1. Give g(2).
-33
Let h(v) = 2*v + 35. Give h(-20).
-5
Let c(k) = k**3 + 8*k**2 + 6*k - 35. Calculate c(-6).
1
Let z(s) = -s - 18. Calculate z(6).
-24
Let b(l) = -l - 14. Give b(0).
-14
Let v(j) = -3*j + 19. Calculate v(4).
7
Let k(h) = -h**3 + 16*h**2 - 43*h - 3. Give k(13).
-55
Let k(x) = -8*x**2 - 76*x - 33. What is k(-9)?
3
Let j(d) = -d**3 - 18*d**2 + 16*d - 2. What is j(-19)?
55
Let h(s) = -8*s**2 + 22*s + 2. Determine h(3).
-4
Let b(f) = -2*f**3 - 2*f**2 + 23*f + 24. Calculate b(-1).
1
Let a(o) = o**3 - 12*o**2 + 8*o + 34. Give a(11).
1
Let l(p) = -p**3 - 10*p**2 + 26*p + 16. Determine l(-12).
-8
Let h(j) = -156*j - 2812. What is h(-18)?
-4
Let r(x) = -x**2 - 6*x + 58. What is r(6)?
-14
Let t(y) = -y**3 + 3*y + 82. Determine t(0).
82
Let q(i) = 27*i - 209. Give q(8).
7
Let m(n) = -2*n + 7. Give m(-5).
17
Let f(u) = 5*u + 5. Give f(-9).
-40
Let w(q) = -q**3 + 12*q**2 - 23*q + 24. Give w(10).
-6
Let y(u) = -2*u - 56. Give y(15).
-86
Let x(m) = 2*m. Determine x(5).
10
Let v(o) = -4*o**3 + 10*o**2 - 2*o - 4. Calculate v(2).
0
Let y(n) = -n**2 + 2*n + 5. Determine y(3).
2
Let w(f) = -8*f + 3. Calculate w(-6).
51
Let o(c) = 33*c + 426. Determine o(-13).
-3
Let u(m) = m**3 - 6*m**2 - m - 120. Give u(8).
0
Let r(w) = -w**3 + 9*w**2 - 31*w + 274. What is r(9)?
-5
Let p(f) = 208*f - 405. Give p(2).
11
Let k(f) = f**3 + 12*f**2 - 18*f - 54. Determine k(-13).
11
Let z(g) = -g**2 + 10*g - 7. Give z(8).
9
Let u(c) = 28*c**3 - 4*c**2 + 2*c + 1. Give u(1).
27
Let r(p) = 2*p**2 + 7*p + 4. Give r(-3).
1
Let h(f) = -f**3 - 7*f**2 + 9*f + 2. Give h(-8).
-6
Let t(m) = m**3 - m**2 - m + 5. What is t(3)?
20
Let o(z) = -19*z + 12. Determine o(-4).
88
Let b(q) = 3*q**2 - 82*q + 59. Calculate b(26).
-45
Let b(r) = r**3 - 34*r**2 - 32*r - 98. Calculate b(35).
7
Let a(v) = -9*v**3 - v. Calculate a(1).
-10
Let y(o) = 2*o**2 + 14*o - 7. Calculate y(-9).
29
Let c(q) = -q**2 + 29*q - 61. Calculate c(26).
17
Let z(m) = 2*m**2 + 11*m. Give z(-9).
63
Let q(d) = -d**3 - 10*d**2 - 20*d + 3. Give q(-3).
0
Let l(t) = -27*t - 98. Calculate l(-4).
10
Let s(v) = 2*v**2 - 63*v - 777. Give s(41).
2
Let z(k) = -k**3 - 12*k**2 + 13*k + 25. Determine z(-12).
-131
Let y(m) = m**2 + 2*m + 78. What is y(0)?
78
Let y(s) = -7*s**2 - 61*s - 60. Determine y(-1).
-6
Let r(l) = l**3 + 7*l**2 + 5*l - 3. What is r(-4)?
25
Let g(n) = n**2 + 7*n + 7. Calculate g(-8).
15
Let m(y) = -2*y**2 - 113*y - 558. Calculate m(-51).
3
Let g(l) = -l**2 - 2*l - 3. Calculate g(0).
-3
Let l(m) = 46*m + 8. Calculate l(-1).
-38
Let x(v) = 23*v + 1. Give x(-4).
-91
Let t(x) = -38*x - 153. Calculate t(-4).
-1
Let g(n) = -6*n**2 - 6*n + 18. Determine g(2).
-18
Let o(y) = 11*y - 2. Give o(2).
20
Let c(q) = -q**2 + 6*q - 6. Determine c(9).
-33
Let x(z) = z**2 + 59*z - 393. Calculate x(-65).
-3
Let h(w) = -176*w - 9. What is h(1)?
-185
Let l(y) = -4*y + 12. Give l(-4).
28
Let v(q) = -11*q**2 - 5*q + 1. Determine v(-3).
-83
Let p(c) = c**3 - 5*c**2 + 5*c + 1. Calculate p(4).
5
Let o(v) = -v**2 - 19*v - 92. Determine o(-17).
-58
Let b(f) = 4*f**3 + f**2 - 3*f + 3. Determine b(2).
33
Let x(y) = -y + 3. Give x(-18).
21
Let u(c) = c**3 + 4*c**2 + 3*c + 7. What is u(-4)?
-5
Let x(u) = u**3 - 6*u**2 - 7*u - 1. Determine x(7).
-1
Let l(y) = 4*y**2 + 7*y + 5. Determine l(-2).
7
Let v(s) = s**3 - 3*s**2 + 4. What is v(0)?
4
Let c(k) = 4*k**2 - 8*k - 7. What is c(-1)?
5
Let m(g) = -5*g - 2. Calculate m(4).
-22
Let q(g) = 10*g + 43. Give q(-10).
-57
Let h(s) = -s**3 + 10*s**2 - 7*s - 7. What is h(9)?
11
Let h(m) = 54*m - 68. Determine h(1).
-14
Let p(o) = -o**2 + 9*o + 107. What is p(16)?
-5
Let v(b) = 3*b + 5. What is v(12)?
41
Let m(a) = -3*a**3 - 11*a**2 - 9. What is m(-4)?
7
Let q(f) = 16*f**2 - 2*f - 1. Give q(-1).
17
Let b(z) = -3*z**2 + 11*z + 12. What is b(5)?
-8
Let l(t) = -7*t - 2. Give l(5).
-37
Let q(p) = -p**3 + p + 3. Determine q(2).
-3
Let s(r) = -8*r - 2. Calculate s(-3).
22
Let t(i) = 3*i**3 + 2*i**2 + 5*i + 10. Give t(-2).
-16
Let q(t) = -t**3 - 13*t**2 - 29*t + 5. Calculate q(-10).
-5
Let u(j) = 2*j**2 - 3*j + 5. Give u(5).
40
Let z(k) = -3*k**2 + 1. What is z(1)?
-2
Let s(p) = -p**3 + 14*p**2 + 2*p - 22. Calculate s(14).
6
Let s(j) = 5*j + 14. Calculate s(-3).
-1
Let d(j) = 63*j. What is d(-1)?
-63
Let x(w) = -5*w + 5. Calculate x(3).
-10
Let h(b) = -15*b - 7. Determine h(2).
-37
Let j(h) = -h**3 - 35*h**2 + h + 51. Calculate j(-35).
16
Let p(m) = -40*m - 549. What is p(-14)?
11
Let i(w) = -7*w - 48. What is i(-19)?
85
Let n(m) = -m + 17. Determine n(3).
14
Let c(h) = h**2 + 10*h - 27. Give c(-12).
-3
Let i(t) = -t**3 + 6*t**2 - 6*t + 36. Determine i(6).
0
Let q(h) = -h**3 + 5*h**2 + 12*h - 10. Give q(7).
-24
Let q(n) = 19*n + 91. Determine q(-5).
-4
Let x(n) = -n**2 + 10*n + 7. What is x(8)?
23
Let v(i) = i**2 + i - 2. What is v(-6)?
28
Let n(d) = 22*d + 74. Determine n(-3).
8
Let t(h) = -h**3 + h**2 - 34*h + 33. Give t(1).
-1
Let q(h) = 5*h - 3. What is q(6)?
27
Let v(h) = h**3 - 6*h**2 - 16*h - 15. Determine v(8).
-15
Let t(u) = -2*u**2 - 36*u - 40. Give t(-17).
-6
Let j(q) = -q**3 + 3*q**2 - 6*q + 1. Calculate j(3).
-17
Let a(o) = 4*o + 2. Calculate a(-10).
-38
Let y(m) = -m**3 + 4*m**2 + 19*m + 5. What is y(7)?
-9
Let b(o) = o**3 - 2*o**2 - 7*o + 15. What is b(2)?
1
Let a(d) = -6*d - 2. Determine a(-2).
10
Let h(b) = 28*b - 5. Determine h(0).
-5
Let o(z) = -4*z + 24. Give o(-17).
92
Let o(b) = -b - 35. Give o(19).
-54
Let f(m) = -m**2 - 5*m - 6. Give f(-4).
-2
Let w(b) = b**2 - 9*b + 1. Calculate w(7).
-13
Let o(k) = -k**3 - 13*k**2 - 12*k + 15. Give o(-12).
15
Let q(z) = -8*z**2 - 6. Calculate q(3).
-78
Let n(i) = 6*i - 38. Give n(7).
4
Let u(s) = -s**3 - 43*s**2 + 83*s - 313. What is u(-45)?
2
Let j(l) = l**3 - 4*l**2 - 3*l + 12. What is j(4)?
0
Let x(n) = -10*n - 4. Calculate x(-1).
6
Let i(u) = 4*u**2 + 38*u + 12. What is i(-9)?
-6
Let n(p) = p**2 - p - 4. Calculate n(3).
2
Let g(h) = -163*h + 981. Determine g(6).
3
Let s(b) = -b**2 + 14. Determine s(3).
5
Let a(m) = m + 25. Determine a(-8).
17
Let w(g) = 7*g**3 - 42*g**2 + 2*g - 1. Calculate w(6).
11
Let y(l) = 7*l - 4. Determine y(3).
17
Let z(c) = c + 12. 